.
67
Suppose 2*a + 4*r + 6 = -76, 0 = 5*a + 2*r + 237. Let i = -15 - a. List the prime factors of i.
2, 17
Suppose 40165 = 26*h + 14997. List the prime factors of h.
2, 11
Let r(i) = -49*i**3 - 2*i**2 - 8*i. List the prime factors of r(-2).
2, 5
Suppose 3 = -a, -2*v - 5*a = -2*a - 2649. What are the prime factors of v?
3, 443
Let q(s) = -11*s + 0 - 2 + 0 - s**2. Let j = 22 + -30. List the prime factors of q(j).
2, 11
Let w = 8030 - 4403. List the prime factors of w.
3, 13, 31
Let i(d) = d**2 - 3*d + 6. Let b(r) = r**2 - 17*r + 21. Let o = 21 + -5. Let w be b(o). List the prime factors of i(w).
2
List the prime factors of (-2)/9 - (-2535)/54*14.
3, 73
Suppose 0 = -8*y - 452 - 228. Let l(k) = -7*k - 2. Let n be l(5). Let z = n - y. What are the prime factors of z?
2, 3
Let o = 161 - 95. Let y = 4 + o. List the prime factors of y.
2, 5, 7
Let n(b) = -b**3 + 15*b**2 - 14*b + 3. Let r be n(14). Suppose 2*c - 260 = -5*l, 4*l = -7*c + r*c + 196. List the prime factors of l.
2, 3
Let g(v) = 4*v**3 - 9 + 10*v**2 - 12*v - 5*v**3 + 2*v**3. Let w be g(-11). Suppose j - 14 = -0*j + 3*k, -k = w*j - 56. List the prime factors of j.
2, 13
Suppose 0 = 5*m - 21 + 1. Suppose 8 = -m*p + 20. Suppose 44 = 5*l - 4*l + p*d, 77 = 2*l - 5*d. List the prime factors of l.
41
Let g be ((-16)/24)/(2/15). Let k = -5 - g. Suppose k = m - 4 - 22. List the prime factors of m.
2, 13
Let z = -3336 - -6683. What are the prime factors of z?
3347
Suppose 4*u - 128 = 144. Let h = -18 + u. What are the prime factors of h?
2, 5
Let l = -10 + 14. Suppose l*s - 17 = -1. Suppose -4*c + 0 = 4*j - 40, 26 = s*j - 3*c. What are the prime factors of j?
2
Suppose -5*d - 3*u = -0*u + 20, 4*u = -20. What are the prime factors of (-12 - 2/(-2))*d?
11
Suppose -3*v - 220 = -1606. List the prime factors of v/49 - (-8)/14.
2, 5
Let o(v) = 3*v**2 - 10*v + 16. Let b(p) = -2*p**2 + 7*p - 11. Let l(i) = 8*b(i) + 5*o(i). Let y be l(7). Let r = 51 - y. List the prime factors of r.
2, 3, 11
Let c(q) = -q - 2*q - 15 - 4 + 0. What are the prime factors of c(-15)?
2, 13
Let r(k) be the second derivative of -23*k**3/2 + k**2 - 9*k. Let g be r(-1). Suppose -112 = -2*o - b, -41 = -2*o - 2*b + g. List the prime factors of o.
2, 7
Let o be (3/(-1) + 1)*(-12)/8. Suppose c - 223 = o*p, -c + 163 = -5*p - 62. What are the prime factors of c?
2, 5, 11
Let q = -20 + 16. Let c be ((-10)/q)/((-10)/(-20)). Suppose -c*n = 4 - 139. List the prime factors of n.
3
Let r(o) = -o**3 - 10*o**2 + 6*o - 9. Let q be r(-13). Suppose -x + 495 = c - 6*c, -q = 4*c + 4*x. List the prime factors of 28/21 + c/(-6).
2, 3
Let y = 5 - 0. Suppose -y*p = q - 66, 2*q - p = p + 144. List the prime factors of q.
71
Let t be -1 - -1*(-1 + 3). Let p be 6*6/9 + t. Suppose p*o - o = 268. List the prime factors of o.
67
Suppose 0 = 3*c + 4*r - 6, -c = 4*c + 5*r - 10. Let s = 6 - c. Suppose s*d = 141 - 37. List the prime factors of d.
2, 13
Let d(w) = -3*w - 38 + 37 + 9*w. What are the prime factors of d(2)?
11
Suppose -4*m + w = -35, 3*w = 5*m - 20 - 15. What are the prime factors of 57/(-15) + 4 + 278/m?
2, 7
Suppose 145 - 40 = 21*n. Suppose 2*i = -j + 278, -3*i + n*j + 374 = -17. What are the prime factors of i?
137
Suppose 2*j = 5*c + 150, 0 = -0*j + 3*j + 2*c - 225. Let u = j - 17. What are the prime factors of u?
2, 29
Suppose -5*i + 20 = 0, -34*b + 5*i = -37*b + 2720. What are the prime factors of b?
2, 3, 5
Let l = 215 - 88. Let j = 85 + l. What are the prime factors of j?
2, 53
Suppose x = m - 15, -m = x + 8 + 1. Let f = 92 + x. List the prime factors of f.
2, 5
Let y = 1040 + 2128. What are the prime factors of y?
2, 3, 11
Suppose 24 = -9*u + 7*u. Let k = u + 22. List the prime factors of 12/2 - 30/k.
3
Suppose -2*g - 29 = -1. Suppose 2*n - p = -145, -3*n = -0*p - 4*p + 230. List the prime factors of n/g*16/10.
2
Suppose -7 = -c + 9. List the prime factors of 2412/14 + 7/((-392)/c).
2, 43
Suppose 2*w = 2*l + 252, 123 = 5*w + 3*l - 467. List the prime factors of w.
11
Let t(u) = -u**3 + 5*u**2 - 4*u + 2. Suppose -2*o - 3*y = y - 28, 0 = 4*o + 3*y - 31. What are the prime factors of t(o)?
2
Let z = 51 + -41. List the prime factors of z.
2, 5
Suppose -2*h + 22 - 6 = -2*p, -5*p - 4*h - 67 = 0. What are the prime factors of 3/((66/(-608))/p)?
2, 19
Suppose -y + 4*n - 8 = 0, 2*y + 3*n - 24 = n. Suppose -j = -0*j + y. Let x = j + 10. What are the prime factors of x?
2
Let h(y) = -y**3 - 11*y**2 + 17*y - 14. Let u be h(-13). Let j = -31 + u. List the prime factors of (0 - -1) + j/1.
73
Let x(o) = -4*o**3 + 11*o**3 - 14*o**2 - 3*o**3 - 3*o**3 + 28*o. List the prime factors of x(12).
2, 3
Suppose -a + 3*q = -512, 2*a + 4*q - 996 = 3*q. What are the prime factors of a?
2, 5
Suppose 3*h - 21 = -4*c, 2*c = 4*h - 1 - 5. Suppose 3*f + f = -2*t + 86, h*t + 55 = 2*f. What are the prime factors of f?
23
Let w be 1/((4/(-2))/(-2)). Suppose v - w = 2*v. What are the prime factors of (v - 0)/((-7)/70)?
2, 5
Let c(d) = d**3 - 9*d**2 + 7*d - 3. Let o be c(8). Let t = -38 - o. Let b = t + 32. List the prime factors of b.
5
Let m(g) = 2*g**2 - g - 12. Let a be m(-10). Suppose 18*c - a = 16*c. What are the prime factors of c?
3, 11
Let j = -7 - -19. Suppose -3*a + j + 21 = -s, 15 = -5*s. Suppose -5*g - 19 = -5*x + 11, -x + 2*g = -a. What are the prime factors of x?
2
Let r = -2346 - -2603. List the prime factors of r.
257
Let w = 3198 - 1625. What are the prime factors of w?
11, 13
Suppose -2*t + 4*r = -12, -3*t - 2*t + 8 = r. Suppose 2*u + 5*j + 46 = 144, 3*u + t*j = 147. What are the prime factors of u?
7
Let k = -3662 + 5146. What are the prime factors of k?
2, 7, 53
Suppose 25*d - 4725 = 16*d. What are the prime factors of d?
3, 5, 7
Let q = -24 + 29. Suppose 3*o + 48 = q*o. Let i = o - 17. List the prime factors of i.
7
Let v be ((-24)/36)/(2/(-9)). Suppose 2*l - v*b + 98 = 0, 2*l - 2*b = -0*b - 102. Let n = l - -77. List the prime factors of n.
2, 11
Let m(c) = -220*c - 87. List the prime factors of m(-6).
3, 137
Let i = 3293 - 994. What are the prime factors of i?
11, 19
Suppose -j = -4*x - 3491, x - 13964 = 147*j - 151*j. List the prime factors of j.
3491
Let h(x) = 3*x**2 + 6*x + 7. Let r be h(-5). Suppose -3*q = -2*i - r, 4*i = 4*q - i - 81. What are the prime factors of 452/q - 14/49?
2
Let o be ((-3558)/9)/((-2)/12*4). Suppose 5*b = 4*k - o, -b = -3*k + 484 - 31. What are the prime factors of k?
2, 19
Let k(o) = o**2 - 8*o - 7. Let t be k(9). Let u = -2 + t. Suppose u*m = -3*m + 36. What are the prime factors of m?
2, 3
Suppose l - 2*h - 36 = 0, 13 = -l + h + 52. Suppose 0 = -3*p + l + 21. What are the prime factors of p?
3, 7
Suppose -5*b - 43*k + 12487 = -46*k, 3*b + k - 7495 = 0. What are the prime factors of b?
2, 1249
Let u(y) = 15*y**2 + 1. Let q be u(-1). Suppose -q = -5*x + 9. Suppose 88 = x*i - i. What are the prime factors of i?
2, 11
Let a(y) = 0 + 2 + 2*y**3 - 6*y**2 - 3*y**3 - 5*y. Let h be a(-5). Suppose 15 = 5*m, -h*g + 5*g = m + 21. What are the prime factors of g?
2
Let n(b) be the second derivative of b**3/3 + 13*b**2/2 - 12*b. Let s be n(-3). Suppose s*t - 75 = 2*t - f, t = -4*f - 4. List the prime factors of t.
2
Suppose 6*k - 30 = 3*k. Suppose 0 = 3*x - k + 4. Suppose 0*o + 5*o = -x*i - 12, -5*i = -4*o - 36. List the prime factors of i.
2
Let o(z) be the third derivative of -5*z**4/8 - 6*z**2. Let t be o(2). List the prime factors of 9*(t/(-9))/1.
2, 3, 5
Let f(n) = -3*n - n**2 - 5*n**2 + 4*n**3 + 1 + 2 + 4*n. List the prime factors of f(3).
2, 3, 5
Suppose 2*o - 49 = 77. Let z = o + 3. What are the prime factors of z?
2, 3, 11
Let h = -155 + 158. Suppose 0 = 3*u - t - 811, h*u + 4*t = -u + 1092. List the prime factors of u.
271
Let s = 7280 - 3288. List the prime factors of s.
2, 499
Let z = -10 + 9. Let b(q) = 1 - 13*q**3 - 4 - q - 2*q**2 + q**2 + 2. List the prime factors of b(z).
2, 3
Suppose -8*b = -295 - 2849. Suppose 66 = 9*t - b. What are the prime factors of t?
3, 17
Let l(g) = -g - 1. Let y be l(-9). Let v = y + -7. Suppose -d = -v - 22. What are the prime factors of d?
23
Let u(l) = -2*l**2 - 15*l + 9. Let p be u(-8). List the prime factors of (2/(-6))/(p/(-201)).
67
Let a = 42 - 40. Let k be a/(-9) - 141/(-27). Suppose -4*u + 323 - 108 = -k*i, -5*u - 3*i = -278. List the prime factors of u.
5, 11
Suppose 0 = a - 1. List 